61
List the prime factors of 5616274.
2, 1409, 1993
List the prime factors of 494794.
2, 73, 3389
List the prime factors of 154813.
23, 53, 127
List the prime factors of 52370.
2, 5, 5237
List the prime factors of 105234.
2, 3, 17539
List the prime factors of 1216736.
2, 47, 809
List the prime factors of 607834.
2, 303917
List the prime factors of 2320552.
2, 13, 53, 421
What are the prime factors of 3474550?
2, 5, 69491
List the prime factors of 1874645.
5, 374929
What are the prime factors of 580838?
2, 290419
List the prime factors of 274485.
3, 5, 29, 631
List the prime factors of 37672311.
3, 12557437
List the prime factors of 12173380.
2, 5, 608669
What are the prime factors of 76598?
2, 38299
What are the prime factors of 852444?
2, 3, 877
List the prime factors of 4181325.
3, 5, 197, 283
List the prime factors of 42101.
42101
What are the prime factors of 308381?
359, 859
List the prime factors of 518546.
2, 7, 37039
What are the prime factors of 1200646?
2, 23, 43, 607
What are the prime factors of 5437829?
1097, 4957
List the prime factors of 815248.
2, 7, 29, 251
List the prime factors of 33029.
33029
What are the prime factors of 35017585?
5, 47, 149011
What are the prime factors of 2005247?
397, 5051
What are the prime factors of 10592363?
3109, 3407
List the prime factors of 150144.
2, 3, 17, 23
List the prime factors of 326371.
389, 839
List the prime factors of 4927.
13, 379
List the prime factors of 392629.
392629
List the prime factors of 6012471.
3, 1181, 1697
What are the prime factors of 84621?
3, 67, 421
What are the prime factors of 1852196?
2, 19, 24371
What are the prime factors of 595077?
3, 7, 43, 659
What are the prime factors of 1504901?
37, 89, 457
List the prime factors of 5265237.
3, 719, 2441
What are the prime factors of 671751?
3, 101, 739
List the prime factors of 67566.
2, 3, 11261
What are the prime factors of 533539?
19, 28081
List the prime factors of 6288745.
5, 1257749
What are the prime factors of 876797?
876797
What are the prime factors of 2974482?
2, 3, 7, 43, 61
What are the prime factors of 16213?
31, 523
List the prime factors of 3417352.
2, 427169
List the prime factors of 518346.
2, 3, 29, 331
What are the prime factors of 25793?
25793
What are the prime factors of 6471282?
2, 3, 251, 4297
List the prime factors of 22153045.
5, 4430609
What are the prime factors of 202759?
17, 11927
What are the prime factors of 196674?
2, 3, 32779
What are the prime factors of 30513727?
30513727
List the prime factors of 201598.
2, 100799
List the prime factors of 408769.
408769
List the prime factors of 757412.
2, 189353
What are the prime factors of 3783299?
13, 17, 19, 53
What are the prime factors of 8513186?
2, 11, 386963
List the prime factors of 4564572.
2, 3, 53, 7177
What are the prime factors of 3658419?
3, 135497
List the prime factors of 530102.
2, 239, 1109
What are the prime factors of 300988?
2, 47, 1601
What are the prime factors of 1578233?
191, 8263
List the prime factors of 21652067.
17, 29, 37, 1187
List the prime factors of 544189.
557, 977
What are the prime factors of 21878647?
7, 446503
What are the prime factors of 8710616?
2, 1088827
List the prime factors of 3751201.
157, 23893
What are the prime factors of 2955319?
2955319
What are the prime factors of 2138610?
2, 3, 5, 71287
List the prime factors of 7410803.
67, 110609
What are the prime factors of 1329183?
3, 19, 2591
What are the prime factors of 1467445?
5, 7, 41927
What are the prime factors of 950905?
5, 190181
What are the prime factors of 1598463?
3, 97, 1831
List the prime factors of 266570.
2, 5, 19, 23, 61
List the prime factors of 160502.
2, 80251
What are the prime factors of 12415190?
2, 5, 29, 31, 1381
List the prime factors of 108077.
23, 37, 127
List the prime factors of 97176.
2, 3, 4049
What are the prime factors of 1970222?
2, 53, 18587
What are the prime factors of 2534877?
3, 281653
List the prime factors of 2689048.
2, 43, 7817
List the prime factors of 308486.
2, 154243
What are the prime factors of 15178171?
911, 16661
What are the prime factors of 113220?
2, 3, 5, 17, 37
List the prime factors of 12254473.
7, 11, 61, 2609
List the prime factors of 601363.
7, 85909
List the prime factors of 18198270.
2, 3, 5, 7489
List the prime factors of 5335311.
3, 43, 59, 701
What are the prime factors of 1328310?
2, 3, 5, 14759
What are the prime factors of 165784?
2, 17, 23, 53
List the prime factors of 16359683.
29, 564127
What are the prime factors of 1092800?
2, 5, 683
List the prime factors of 301006.
2, 150503
List the prime factors of 3723415.
5, 41, 443
What are the prime factors of 1420501?
1420501
What are the prime factors of 34549151?
7, 13, 17, 23, 971
List the prime factors of 196762.
2, 131, 751
What are the prime factors of 5521587?
3, 23, 43, 1861
What are the prime factors of 85048?
2, 10631
What are the prime factors of 280848?
2, 3, 5851
What are the prime factors of 744677?
744677
What are the prime factors of 17890043?
419, 42697
List the prime factors of 108927.
3, 7, 13, 19
List the prime factors of 48363.
3, 7, 47
List the prime factors of 4178645.
5, 31, 26959
List the prime factors of 5553327.
3, 13, 23, 41, 151
What are the prime factors of 564344?
2, 11, 53
What are the prime factors of 809227?
37, 21871
What are the prime factors of 329706?
2, 3, 13, 1409
What are the prime factors of 15623?
17, 919
What are the prime factors of 114987?
3, 38329
List the prime factors of 7023372.
2, 3, 23, 25447
List the prime factors of 38766907.
479, 80933
What are the prime factors of 220353?
3, 7, 1499
List the prime factors of 1697723.
1697723
What are the prime factors of 196021?
7, 41, 683
What are the prime factors of 1050601?
197, 5333
List the prime factors of 949698.
2, 3, 43, 409
What are the prime factors of 455372?
2, 113843
What are the prime factors of 2357411?
7, 336773
What are the prime factors of 1185354?
2, 3, 271
What are the prime factors of 1202728?
2, 149, 1009
What are the prime factors of 544189?
557, 977
What are the prime factors of 316664?
2, 23, 1721
List the prime factors of 11718901.
11718901
List the prime factors of 59199.
3, 7, 2819
What are the prime factors of 8051360?
2, 5, 50321
List the prime factors of 31707.
3, 13, 271
What are the prime factors of 50172?
2, 3, 37, 113
List the prime factors of 430866.
2, 3, 79, 101
What are the prime factors of 5959634?
2, 2979817
What are the prime factors of 243323?
53, 4591
List the prime factors of 10816219.
10816219
What are the prime factors of 1350729?
3, 19, 2633
List the prime factors of 8345665.
5, 23, 31, 2341
List the prime factors of 289327.
53, 103
List the prime factors of 173983.
19, 9157
List the prime factors of 12282925.
5, 17, 28901
What are the prime factors of 71328?
2, 3, 743
List the prime factors of 39832.
2, 13, 383
What are the prime factors of 8669224?
2, 59, 18367
What are the prime factors of 206389?
173, 1193
List the prime factors of 950005.
5, 7, 27143
List the prime factors of 1854568.
2, 231821
List the prime factors of 418484.
2, 11, 9511
List the prime factors of 149329.
59, 2531
List the prime factors of 5737553.
37, 155069
List the prime factors of 54951.
3, 13, 1409
What are the prime factors of 82902?
2, 3, 41, 337
List the prime factors of 275452.
2, 68863
What are the prime factors of 11234?
2, 41, 137
List the prime factors of 13436.
2, 3359
What are the prime factors of 1313805?
3, 5, 87587
What are the prime factors of 475969?
13, 19, 41, 47
List the prime factors of 244497.
3, 11, 31, 239
List the prime factors of 1299277.
7, 19, 9769
What are the prime factors of 1396534?
2, 61, 11447
What are the prime factors of 176519?
7, 151, 167
List the prime factors of 1367999.
31, 44129
What are the prime factors of 91177?
73, 1249
List the prime factors of 4487517.
3, 498613
List the prime factors of 1361375.
5, 10891
List the prime factors of 429117.
3, 13, 11003
What are the prime factors of 9757365?
3, 5, 223, 2917
What are the prime factors of 348430?
2, 5, 34843
List the prime factors of 193215.
3, 5, 11, 1171
What are the prime factors of 249930?
2, 3, 5, 2777
List the prime factors of 2367132.
2, 3, 197261
List the prime factors of 6958.
2, 7, 71
List the prime factors of 23121